+ 4*z + 63, 3 + 7 = -5*z. What is the remainder when d is divided by m?
8
Suppose -5*z - 530 = -5*m, -m - 318 = -4*m + 4*z. Let g = 9665 + -9646. What is the remainder when m is divided by g?
11
Suppose -101*k - 1876784 = -465*k. What is the remainder when k is divided by 86?
82
Suppose 58 - 43 = -3*c. Calculate the remainder when -52*(0/(-2) + -1) is divided by (15/6)/c*0 + 20.
12
Suppose -2*c + 57 = -15. Let o be c/15 - 2/5. Suppose 0 = -2*f - 5*y + y + 46, -o*y = -5*f + 139. What is the remainder when 52 is divided by f?
25
Suppose 434 = -69*m - 1843. Let y = -8 - m. What is the remainder when 747 is divided by y?
22
Suppose -5*j + 2*c = -123 - 207, 0 = -2*c. Let w(y) = 149*y - 39. Let i be w(3). Suppose 272 = 20*m - i. Calculate the remainder when j is divided by m.
32
Let y = 690 - 459. Let w be (-9)/(-6) + -2 - (-4900)/8. What is the remainder when y is divided by (2/4)/(17/w)?
15
Suppose 0 = 4*w - 3*t - 177, -5*w = 6*t - 4*t - 227. What is the remainder when 1745 is divided by w?
35
Let s = -473 - 8. Let k = s - -515. Calculate the remainder when 78 is divided by k.
10
What is the remainder when 225/30 + -5 - (6958/4)/(-7) is divided by 14?
13
What is the remainder when 5081 is divided by -4 + (-2)/12*-111*(-8 + 10)?
32
Let k be 12/(-30) + (-2)/(-5). Suppose -5*b - 3*a - 40 = k, 5*b + 36 + 4 = 5*a. Calculate the remainder when (5 + 118/(-8))/(3/b) is divided by 6.
2
Let u = 5219 - 5118. What is the remainder when 610 is divided by u?
4
Let r = 9475 + -9461. What is the remainder when 988 is divided by r?
8
Let q(n) be the third derivative of -2*n**5/15 + 17*n**4/3 + 13*n**3/3 - 3*n**2 - 3. What is the remainder when 467 is divided by q(17)?
25
Suppose 5*b + 228 = -2*c, 5*b + 232 = 2*c - 0*c. Let j = 76 + b. What is the remainder when 71 is divided by (3/((-45)/6))/((-1)/j)?
11
Suppose 186*c - 43*c + 491 = 77854. What is the remainder when c is divided by 526?
15
Suppose 676 + 1500 = 34*a. What is the remainder when 2194 is divided by a?
18
Suppose -18704 + 47264 = 85*z. What is the remainder when z is divided by 25?
11
Suppose 0 = 3*z - 12, -4*v + v + 4*z = -74. Suppose 4*o - 3 = o, 0 = -3*s + 4*o + 3479. What is the remainder when v is divided by (-2)/(-8) - (s/12)/(-9)?
8
Let a = 25 + -9. Suppose -30 = 743*u - 746*u. Calculate the remainder when a is divided by u.
6
Suppose 0 = -5*p - 14*p + 95. Let w(f) = 2*f**2 + 7. Calculate the remainder when w(-3) is divided by p.
0
Calculate the remainder when 4 + 2 - (63/27*-537 + -8) is divided by 97.
6
Suppose 2345 = -16*p + 23*p. Suppose 10*s + 45 = p. Calculate the remainder when s is divided by 16.
13
What is the remainder when -7*(-1 + -44)/3 is divided by (-54)/45*175/(-15)?
7
Suppose -2*y - 348 = -980. What is the remainder when y is divided by 59?
21
Suppose 0 = 30*z - 27*z + 4*r - 4747, 3*z = -3*r + 4743. Calculate the remainder when z is divided by 786.
5
Let k = 459 + -166. Let m = -274 + k. Let g = 52 + -18. What is the remainder when g is divided by m?
15
Suppose -2*a = 186*l - 181*l - 415, 4*a = 4*l - 304. What is the remainder when l is divided by 14?
11
Let d = -494 + 497. Suppose 0 = j - 5*j + 48. Calculate the remainder when j is divided by d.
0
Let u(p) = p**2 - 63*p - 2953. Calculate the remainder when 112 is divided by u(-32).
25
Let v(o) = -o**2 - 21*o + 47. Suppose -u + 40 + 51 = -4*g, -4*g = 12. Calculate the remainder when v(-9) is divided by u.
76
Let z = -211 - -244. Suppose 145 = z*l - 86. Calculate the remainder when (138/9)/(2/6) is divided by l.
4
Let y be (0 + 1 - 3) + 12/2. Suppose -60 = 2*g - y*g + 2*p, 2*g = -3*p + 60. Calculate the remainder when 85 is divided by g.
25
Suppose 312 = -14*p + p. Let k = p + 38. Calculate the remainder when 4*((-34)/(-8) - -2) is divided by k.
11
Let q = 9 + -7. Suppose 5*y = -w - 9, q*w + 4*y - 17 = -w. Calculate the remainder when 50 is divided by (-6)/16*-2*(1 + w).
5
Suppose 21 = -4*b + 29. Suppose 84 = 5*v - 56. Let x = v - b. What is the remainder when 180 is divided by x?
24
Let o be (717/2 + 1)*2. Suppose -181 = 5*u + o. Let a = -67 - u. Calculate the remainder when a is divided by 23.
21
Let s = -272 - -388. Suppose 2 = -2*m, -s = -n - 3*m + 142. Calculate the remainder when n is divided by 11.
8
Suppose -4*w + 5*t + 68 = 0, -2*w + 9*t + 47 = -13. What is the remainder when 21 is divided by w?
9
Let j(a) = -a**3 - 3*a**2 - 7*a - 12. Suppose -5*v = -21*v - 14*v + 2340. Calculate the remainder when v is divided by j(-4).
14
Let j(a) = -a**3 - 2*a**2 + 3*a - 24. Let l(f) = f**3 - 10*f**2 - 19*f + 96. Calculate the remainder when j(-6) is divided by l(11).
6
Let i = -3 + 6. Let l(p) = -2*p**2 - 17*p + 90. Let o be l(-12). Suppose -i*m = 2*h - 110, 3*m - 94 = o*h - 4*h. What is the remainder when m is divided by 7?
6
Let j(n) = 0*n - 6 + n + 19 + 27. Let b(i) = -2*i**2 - i + 3. Let t be b(-3). What is the remainder when 166 is divided by j(t)?
26
Let b(z) = -z**2 - 12*z - 23. Let i be b(-9). Suppose -2*p + 254 = -i*t, 3*p - 381 = -4*t + 2*t. Calculate the remainder when p is divided by 26.
23
Suppose -k = -2*a - 20, 4*k - 5*a = -43 + 120. What is the remainder when 104 is divided by k?
14
Suppose -5*y + 281 = -29*x + 25*x, -2*y + 5*x + 109 = 0. What is the remainder when 13451 is divided by y?
56
Suppose -3*k + 5326 = s, 0*s - 4*s - 3546 = -2*k. What is the remainder when k is divided by 12?
11
Suppose -1460*m + 1458*m + 8 = 2*f, -20 = -5*m - 2*f. What is the remainder when 287 is divided by m?
3
Let n = -16852 + 16949. Calculate the remainder when 656 is divided by n.
74
Let a(c) = -25*c - 315. What is the remainder when 837 is divided by a(-28)?
67
Suppose -4*z = -0*z - 4. Let u = 7 - -6. What is the remainder when ((-44)/6)/(z*(-6)/27) is divided by u?
7
Suppose z - 5*k - 92 = 0, -z + 98 = 3*k - 6*k. Let c = z - 106. What is the remainder when (57*c/3)/1 is divided by 6?
1
Let g = -89 + 140. Calculate the remainder when 75 is divided by g.
24
Let b(o) = -14*o + 5. Let m(d) = 72*d + 1024. Calculate the remainder when b(-3) is divided by m(-14).
15
Suppose -k - 3*k + 176 = 0. Calculate the remainder when k is divided by 2652/(-3094) + (-118)/(-7).
12
Suppose 0 = -17*c + 4259 + 2932. Suppose 80*m - c = 71*m. What is the remainder when 113 is divided by m?
19
Let g = -108 - -134. Suppose -5*p + 36 - g = 0. Suppose p*i + 4*d = 5*i - 105, -2*d - 140 = -4*i. What is the remainder when i is divided by 9?
8
Suppose -52*n = -48*n - 124. Let c(z) = z**3 - 2*z**2 - z + 13. Calculate the remainder when c(6) is divided by n.
27
Suppose 368*d = 60*d - 27*d + 20770. What is the remainder when 360 is divided by d?
50
Let z(j) = 30*j**2 + 465*j - 59. Let l(r) = r + 46. Calculate the remainder when z(-16) is divided by l(0).
43
Let p = 28 - 11. Let a(l) = -l**2 - 15*l + 50. Let m be a(-17). Suppose -5*c + m = -319. Calculate the remainder when c is divided by p.
16
Let k = 741 + -735. What is the remainder when 9*((-2948)/(-204) - k/51) is divided by 49?
31
Suppose -17*d + 10066 - 8825 = 0. What is the remainder when 476 is divided by d?
38
Let s be 23008/128 + -1*(-2)/8. Suppose 0 = -s*y + 172*y + 1384. Calculate the remainder when y is divided by 41.
9
Suppose 92*a - 16525 = -57. Let j be (-1 - (4 + 1))/(-2). Suppose m - a = -4*y, -j*y = -0*y - 4*m - 139. Calculate the remainder when y is divided by 16.
13
Let t = -87 + 207. Suppose -12*j = -24*j + t. What is the remainder when 51 is divided by j?
1
Let u be (-1340)/(-6)*(-372)/310. Let s = -228 - u. Calculate the remainder when 319 is divided by s.
39
Let i = -172 + 268. Let q be 268/(-6) - 5/(-3). Calculate the remainder when i is divided by -15 + 10 - (5 + q).
30
Suppose 37*g + 44137 - 67004 = 74776. What is the remainder when g is divided by 30?
29
Let v = -620 - -424. Let x = 83 - v. Calculate the remainder when x is divided by 40.
39
Suppose 3*r - 16*z = -11*z - 576, -z - 594 = 3*r. Let u = r - -298. Calculate the remainder when u is divided by 29.
14
Let b(y) = 24*y**2 + 168*y - 3671. What is the remainder when b(42) is divided by 284?
281
Suppose -6*i = -3*i - 81. Let w(f) = -f**3 + 17*f**2 + 47*f + 85. Let c be w(21). Let x = c - -700. Calculate the remainder when i is divided by x.
3
Let h(w) = -4*w + 16. Suppose -15 - 1 = 2*a. Calculate the remainder when 5672/24 + (-5)/(